{"id":309,"date":"2018-02-05T17:07:35","date_gmt":"2018-02-05T17:07:35","guid":{"rendered":"http:\/\/bucknerhonduras.org\/?page_id=309"},"modified":"2019-05-07T18:11:50","modified_gmt":"2019-05-07T18:11:50","slug":"instituciones","status":"publish","type":"page","link":"https:\/\/bucknerhonduras.org\/index.php\/involucrate\/instituciones\/","title":{"rendered":"Instituciones"},"content":{"rendered":"<section class=\"fw-main-row  auto  fw-section-position-back\">\n<div class=\"fw-container\">\n<div class=\"fw-row\">\n<div id=\"column-5cd1ca6662141\" class=\"fw-col-sm-12 tf-sh-a0c6dc3ec584852fff6d29f49e031530\">\n<div class=\"fw-wrap-col-inner clearfix  \">\n<div class=\"fw-col-inner\">\n<div id=\"rev_slider_3_1_wrapper\" class=\"rev_slider_wrapper fullwidthbanner-container\" data-alias=\"slide_voluntariado_instituciones\" data-source=\"gallery\" style=\"margin:0px auto;background:transparent;padding:0px;margin-top:0px;margin-bottom:0px\">\n<!-- START REVOLUTION SLIDER 5.4.6.6 fullwidth mode --><\/p>\n<div id=\"rev_slider_3_1\" class=\"rev_slider fullwidthabanner\" data-version=\"5.4.6.6\">\n<ul>\t<!-- SLIDE  --><\/p>\n<li data-index=\"rs-6\" data-transition=\"fade\" data-slotamount=\"default\" data-hideafterloop=\"0\" data-hideslideonmobile=\"off\" data-easein=\"default\" data-easeout=\"default\" data-masterspeed=\"300\" data-rotate=\"0\" data-saveperformance=\"off\" data-title=\"Slide\" data-description=\"\">\n\t\t<!-- MAIN IMAGE --><br \/>\n\t\t<img loading=\"lazy\" decoding=\"async\" src=\"http:\/\/bucknerhonduras.org\/wp-content\/uploads\/2018\/03\/producto_9a.jpg\" alt=\"\" title=\"producto_9a\" width=\"600\" height=\"318\" data-bgposition=\"center center\" data-bgfit=\"cover\" data-bgrepeat=\"no-repeat\" class=\"rev-slidebg\" data-no-retina><br \/>\n\t\t<!-- LAYERS --><\/p>\n<p>\t\t<!-- LAYER NR. 1 --><\/p>\n<div class=\"tp-caption   tp-resizeme\" id=\"slide-6-layer-3\" data-x=\"706\" data-y=\"294\" data-width=\"['auto']\" data-height=\"['auto']\" data-type=\"text\" data-frames='[{\"delay\":0,\"speed\":300,\"frame\":\"0\",\"from\":\"opacity:0;\",\"to\":\"o:1;\",\"ease\":\"Power3.easeInOut\"},{\"delay\":\"wait\",\"speed\":300,\"frame\":\"999\",\"to\":\"opacity:0;\",\"ease\":\"Power3.easeInOut\"}]' data-textAlign=\"['inherit','inherit','inherit','inherit']\" data-paddingtop=\"[0,0,0,0]\" data-paddingright=\"[0,0,0,0]\" data-paddingbottom=\"[0,0,0,0]\" data-paddingleft=\"[0,0,0,0]\" style=\"font-size: 100px;line-height: 22px;font-weight: 700;color: #ffffff;letter-spacing: 0px;font-family:Oswald\">\u00a1Invol\u00facrate! <\/div>\n<\/li>\n<\/ul>\n<div class=\"tp-bannertimer tp-bottom\"><\/div><\/div><\/div>\n<p><!-- END REVOLUTION SLIDER -->\t\t<\/div><\/div>\n<\/div>\n<\/div><\/div>\n<\/section>\n<section class=\"fw-main-row-custom  auto  fw-section-position-back tf-sh-1222fe4ebbaebb87f3442abe3ac0a930\">\n<div class=\"fw-container\">\n<div class=\"fw-row\">\n<div id=\"column-5cd1ca66724e7\" class=\"fw-col-sm-12 tf-sh-22b75ee2e7f4c4a8ab8a6890e733935b\">\n<div class=\"fw-wrap-col-inner clearfix  \">\n<div class=\"fw-col-inner\">\n<div class=\"fw-text-box tf-sh-076f9b1b821f6837ef7aca4a362d34a9 \">\n<div class=\"fw-text-inner\">\n<p style=\"text-align: center\">\u00a1En Buckner Guatemala invitamos a todas las instituciones educativas a<br \/>Dar la Talla por Guatemala!<\/p>\n<\/p><\/div>\n<\/div>\n<div class=\"fw-divider-space space-md  clearfix\"><\/div>\n<div class=\"fw-text-box tf-sh-db0d5d65ef4b676a6a750af8ab1283f7 \">\n<div class=\"fw-text-inner\">\n<p>Guate por Guate es el movimiento nacional m\u00e1s importante a favor de hacer brillar la esperanza, a trav\u00e9s de actividades de voluntariado que pueden cambiar la vida, no s\u00f3lo de los m\u00e1s vulnerables sino tambi\u00e9n de los estudiantes y catedr\u00e1ticos de las distintas instituciones educativas.<\/p>\n<p>A continuaci\u00f3n, te compartimos una breve lista de opciones de como tu instituci\u00f3n educativa puede involucrarse con Buckner Guatemala:<\/p>\n<p>Colecta de zapatos nuevos para ni\u00f1os en necesidad: Puedes unirte a nosotros recaudando zapatos y calcetines nuevos para ni\u00f1os que desesperadamente necesitan apoyo. Buckner provee zapatos nuevos y calcetines a m\u00e1s de 60 mil ni\u00f1os vulnerables anualmente en Guatemala.<\/p>\n<p>Voluntariado: Tu instituci\u00f3n educativa puede cambiar vidas involucr\u00e1ndose con Buckner. Involucra a tu instituci\u00f3n educativa en nuestras distintas actividades de voluntariado mencionadas a continuaci\u00f3n:<\/p>\n<\/p><\/div>\n<\/div>\n<div class=\"fw-divider-space space-sm  clearfix\"><\/div><\/div><\/div>\n<\/div>\n<\/div>\n<div class=\"fw-row\">\n<div id=\"column-5cd1ca66739e5\" class=\"fw-col-sm-3 tf-sh-e41b82ee3ca62731c6c193a621b9cf1d\">\n<div class=\"fw-wrap-col-inner clearfix fw_theme_border_only_color_2  fw-column-height-custom\" style=\"border-width: 1px;border-style: solid;height: 150px\">\n<div class=\"fw-col-inner\">\n<div class=\"fw-text-box tf-sh-5f49a6156ca86e7c7655a80808edcdf1 \">\n<div class=\"fw-text-inner\">\n<p style=\"text-align: left\">Jornadas de entrega de zapatos nuevos a ni\u00f1os vulnerables<\/p>\n<\/p><\/div>\n<\/div><\/div><\/div>\n<\/div>\n<div id=\"column-5cd1ca667431c\" class=\"fw-col-sm-3 tf-sh-0817664ca0cec5dad1fafda5106291d3\">\n<div class=\"fw-wrap-col-inner clearfix fw_theme_border_only_color_2  fw-column-height-custom\" style=\"border-width: 1px;border-style: solid;height: 150px\">\n<div class=\"fw-col-inner\">\n<div class=\"fw-text-box tf-sh-e2a808e8f40ec91adfb364470e094793 \">\n<div class=\"fw-text-inner\">\n<p style=\"text-align: left\">Jornadas m\u00e9dicas (estudiantes con carreras afines en universidad y diversificado)<\/p>\n<\/p><\/div>\n<\/div><\/div><\/div>\n<\/div>\n<div id=\"column-5cd1ca6674b6f\" class=\"fw-col-sm-3 tf-sh-85236709ce66ca12c2517d464408f3a0\">\n<div class=\"fw-wrap-col-inner clearfix fw_theme_border_only_color_2  fw-column-height-custom\" style=\"border-width: 1px;border-style: solid;height: 150px\">\n<div class=\"fw-col-inner\">\n<div class=\"fw-text-box tf-sh-00c038973664b36a59ad0bfdbc8297aa \">\n<div class=\"fw-text-inner\">\n<p style=\"text-align: left\">Proyectos de fortalecimiento nutricional- beneficiando estrat\u00e9gicamente a ni\u00f1os y familias del corredor seco<\/p>\n<\/p><\/div>\n<\/div><\/div><\/div>\n<\/div>\n<div id=\"column-5cd1ca667539b\" class=\"fw-col-sm-3 tf-sh-a0d0ed6accf45b2ce43fda74de31d917\">\n<div class=\"fw-wrap-col-inner clearfix fw_theme_border_only_color_2  fw-column-height-custom\" style=\"border-width: 1px;border-style: solid;height: 150px\">\n<div class=\"fw-col-inner\">\n<div class=\"fw-text-box tf-sh-da3daa18c2bbde16e60f76d8022d4738 \">\n<div class=\"fw-text-inner\">\n<p style=\"text-align: left\">Actividades variadas de empoderamiento comunitario<\/p>\n<\/p><\/div>\n<\/div><\/div><\/div>\n<\/div>\n<\/div>\n<div class=\"fw-row\">\n<div id=\"column-5cd1ca6675ec2\" class=\"fw-col-sm-12 tf-sh-d2e7aded5837037df04d48fceb313306\">\n<div class=\"fw-wrap-col-inner clearfix  \">\n<div class=\"fw-col-inner\">\n<div class=\"fw-divider-space space-md  fw-mobile-hide-element clearfix\"><\/div>\n<div class=\"fw-text-box tf-sh-f497a358eb08b3b08a226c16161ab14d \">\n<div class=\"fw-text-inner\">\n<p>Actualmente solo contamos con actividades dise\u00f1adas para estudiantes de 12 a\u00f1os en adelante.<\/p>\n<p>Nosotros gustosamente nos encargaremos de organizar la actividad de principio a fin y a trav\u00e9s de una cuota de voluntariado, cada uno de tus estudiantes recibir\u00e1 un kit que incluye:<\/p>\n<ul>\n<li>Playera de Buckner Guatemala<\/li>\n<li>Breve capacitaci\u00f3n<\/li>\n<li>Transporte ida y vuelta de tu instituci\u00f3n educativa al sitio de voluntariado<\/li>\n<li>Box Lunch<\/li>\n<li>Y un regalo especial de parte nuestra<\/li>\n<\/ul>\n<p>El involucramiento de tu instituci\u00f3n educativa puede cambiar la vida de tus estudiantes y la de muchos otros ni\u00f1os y familias en Guatemala.<\/p>\n<\/p><\/div>\n<\/div>\n<div class=\"fw-divider-space  fw-custom-space  fw-mobile-hide-element clearfix\" style=\"height:60px\"><\/div>\n<div class=\"fw-text-box tf-sh-6222b870cdc64508a07c70e1aa1a54f5 \">\n<div class=\"fw-text-inner\">\n<p style=\"text-align: center\">No dejes pasar la oportunidad de instruir a tus estudiantes en el servicio a otros en su propio pa\u00eds. Aplica llenando el formulario de inscripci\u00f3n ac\u00e1 abajo y nuestro Gerente de Voluntariado te contactar\u00e1.<\/p>\n<\/p><\/div>\n<\/div>\n<div class=\"fw-divider-space  fw-custom-space  fw-mobile-hide-element clearfix\" style=\"height:60px\"><\/div><\/div><\/div>\n<\/div>\n<\/div><\/div>\n<\/section>\n<section data-parallax-background-speed=\"3\" class=\"fw-main-row-custom  fw_theme_bg_fw-custom fw-section-image auto  parallax-section fw-section-position-back tf-sh-91498e4da3b93cd541b70ecc2c82d0bf\" style=\"background-image:url(http:\/\/bucknerhonduras.org\/wp-content\/uploads\/2018\/02\/back_itemsParallax5.jpg)\">\n<div class=\"fw-container\">\n<div class=\"fw-row\">\n<div id=\"column-5cd1ca6677e40\" class=\"fw-col-sm-9 tf-sh-641db62fbf002cdaaefb448bc8946cde\">\n<div class=\"fw-wrap-col-inner clearfix  \">\n<div class=\"fw-col-inner\">\n<div class=\"fw-heading fw-heading-center  tf-sh-1813119dfe03859accd8b24e73334e5c\">\n<h4 class=\"fw-special-title\">FORMULARIO DE INSCRIPCI\u00d3N<\/h4>\n<\/p><\/div>\n<div class=\"fw-divider-space space-sm  clearfix\"><\/div>\n<div class=\"fw-contact-form tf-sh-9680b66021aeb4e37b9e7ab4551bc324 \" data-redirect-page=\"\">\n<div class=\"fw-row wrap-forms wrap-contact-forms\">\n<div class=\"fw-row\"><\/div>\n<div class=\"fw-row\">\n<div class=\"fw-col-xs-12 fw-col-sm-8 form-builder-item\">\n<div class=\"field-text\"><\/div>\n<\/div>\n<\/div>\n<div class=\"fw-row\">\n<div class=\"fw-col-xs-12 fw-col-sm-8 form-builder-item\">\n<div class=\"field-text\"><\/div>\n<\/div>\n<\/div>\n<div class=\"fw-row\">\n<div class=\"fw-col-xs-12 fw-col-sm-8 form-builder-item\">\n<div class=\"field-text\"><\/div>\n<\/div>\n<\/div>\n<div class=\"fw-row\">\n<div class=\"fw-col-xs-12 fw-col-sm-8 form-builder-item\">\n<div class=\"field-text\"><\/div>\n<\/div>\n<\/div>\n<div class=\"fw-row\">\n<div class=\"fw-col-xs-12 fw-col-sm-8 form-builder-item\">\n<div class=\"field-text\"><\/div>\n<\/div>\n<\/div>\n<div class=\"fw-row\">\n<div class=\"fw-col-xs-12 fw-col-sm-8 form-builder-item\">\n<div class=\"field-text\"><\/div>\n<\/div>\n<\/div>\n<div class=\"fw-row\">\n<div class=\"fw-col-xs-12 fw-col-sm-8 form-builder-item\">\n<div class=\"field-text\"><\/div>\n<\/div>\n<\/div>\n<div class=\"fw-row\">\n<div class=\"fw-col-xs-12 fw-col-sm-6 form-builder-item\">\n<div class=\"field-recaptcha\">\n\t\t<label><\/label><\/p>\n<div class=\"form-builder-item-recaptcha\"><\/div><\/div>\n<\/div>\n<\/div>\n<div class=\"fw-row\">\n<div class=\"fw-col-sm-12 field-submit text-left\">\n\t\t\t<button type=\"submit\" class=\"fw-btn  fw-btn-lg fw-btn-1\"><br \/>\n\t\t\t\t<span><br \/>\n\t\t\t\t\t\t\t\t\t\t\tENVIAR\t\t\t\t\t\t\t\t\t<\/span><br \/>\n\t\t\t<\/button>\n\t\t<\/div><\/div><\/div>\n<\/div>\n<div class=\"fw-divider-space space-sm  clearfix\"><\/div><\/div><\/div>\n<\/div>\n<\/div><\/div>\n<\/section>\n<p><!-- 485e18847c042ca1fc6407f1eeaf5cb7 --><\/p>\n","protected":false},"excerpt":{"rendered":"<p>\u00a1Invol\u00facrate! \u00a1En Buckner Guatemala invitamos a todas las instituciones educativas aDar la Talla por Guatemala!&#8230;<\/p>\n","protected":false},"author":1,"featured_media":0,"parent":913,"menu_order":0,"comment_status":"closed","ping_status":"closed","template":"visual-builder-template.php","meta":{"footnotes":""},"class_list":["post-309","page","type-page","status-publish","hentry"],"_links":{"self":[{"href":"https:\/\/bucknerhonduras.org\/index.php\/wp-json\/wp\/v2\/pages\/309","targetHints":{"allow":["GET"]}}],"collection":[{"href":"https:\/\/bucknerhonduras.org\/index.php\/wp-json\/wp\/v2\/pages"}],"about":[{"href":"https:\/\/bucknerhonduras.org\/index.php\/wp-json\/wp\/v2\/types\/page"}],"author":[{"embeddable":true,"href":"https:\/\/bucknerhonduras.org\/index.php\/wp-json\/wp\/v2\/users\/1"}],"replies":[{"embeddable":true,"href":"https:\/\/bucknerhonduras.org\/index.php\/wp-json\/wp\/v2\/comments?post=309"}],"version-history":[{"count":21,"href":"https:\/\/bucknerhonduras.org\/index.php\/wp-json\/wp\/v2\/pages\/309\/revisions"}],"predecessor-version":[{"id":891,"href":"https:\/\/bucknerhonduras.org\/index.php\/wp-json\/wp\/v2\/pages\/309\/revisions\/891"}],"up":[{"embeddable":true,"href":"https:\/\/bucknerhonduras.org\/index.php\/wp-json\/wp\/v2\/pages\/913"}],"wp:attachment":[{"href":"https:\/\/bucknerhonduras.org\/index.php\/wp-json\/wp\/v2\/media?parent=309"}],"curies":[{"name":"wp","href":"https:\/\/api.w.org\/{rel}","templated":true}]}}