{"id":27,"date":"2018-02-03T21:45:50","date_gmt":"2018-02-03T21:45:50","guid":{"rendered":"http:\/\/bucknerhonduras.org\/?page_id=27"},"modified":"2018-03-21T23:41:46","modified_gmt":"2018-03-21T23:41:46","slug":"inicio","status":"publish","type":"page","link":"https:\/\/bucknerhonduras.org\/","title":{"rendered":"Inicio"},"content":{"rendered":"<p><img decoding=\"async\" src=\"http:\/\/bucknerhonduras.org\/wp-content\/uploads\/2018\/03\/1.jpg\" alt=\"\" title=\"1\" data-bgposition=\"center center\" data-bgfit=\"cover\" data-bgrepeat=\"no-repeat\" class=\"rev-slidebg\" data-no-retina><br \/>\n <img decoding=\"async\" src=\"http:\/\/bucknerhonduras.org\/wp-content\/uploads\/2018\/03\/3.jpg\" alt=\"\" title=\"3\" data-bgposition=\"center center\" data-bgfit=\"cover\" data-bgrepeat=\"no-repeat\" class=\"rev-slidebg\" data-no-retina><br \/>\n <img decoding=\"async\" src=\"http:\/\/bucknerhonduras.org\/wp-content\/uploads\/2018\/03\/4.jpg\" alt=\"\" title=\"4\" data-bgposition=\"center center\" data-bgfit=\"cover\" data-bgrepeat=\"no-repeat\" class=\"rev-slidebg\" data-no-retina><br \/>\nsetREVStartSize({c: &#8216;#rev_slider_17_1&#8217;, gridwidth: [1240], gridheight: [868], sliderLayout: &#8216;auto&#8217;});<br \/>\nvar revapi17,<br \/>\n tpj;<br \/>\ndocument.addEventListener(&#8220;DOMContentLoaded&#8221;, function() {<br \/>\ntpj = jQuery; if(tpj(&#8220;#rev_slider_17_1&#8221;).revolution == undefined){<br \/>\n revslider_showDoubleJqueryError(&#8220;#rev_slider_17_1&#8221;);<br \/>\n }else{<br \/>\n revapi17 = tpj(&#8220;#rev_slider_17_1&#8243;).show().revolution({<br \/>\n sliderType:&#8221;standard&#8221;,<br \/>\n jsFileLocation:&#8221;\/\/bucknerhonduras.org\/wp-content\/plugins\/revslider\/public\/assets\/js\/&#8221;,<br \/>\n sliderLayout:&#8221;auto&#8221;,<br \/>\n dottedOverlay:&#8221;none&#8221;,<br \/>\n delay:9000,<br \/>\n navigation: {<br \/>\n onHoverStop:&#8221;off&#8221;,<br \/>\n },<br \/>\n visibilityLevels:[1240,1024,778,480],<br \/>\n gridwidth:1240,<br \/>\n gridheight:868,<br \/>\n lazyType:&#8221;none&#8221;,<br \/>\n shadow:0,<br \/>\n spinner:&#8221;spinner0&#8243;,<br \/>\n stopLoop:&#8221;off&#8221;,<br \/>\n stopAfterLoops:-1,<br \/>\n stopAtSlide:-1,<br \/>\n shuffle:&#8221;off&#8221;,<br \/>\n autoHeight:&#8221;off&#8221;,<br \/>\n disableProgressBar:&#8221;on&#8221;,<br \/>\n hideThumbsOnMobile:&#8221;off&#8221;,<br \/>\n hideSliderAtLimit:0,<br \/>\n hideCaptionAtLimit:0,<br \/>\n hideAllCaptionAtLilmit:0,<br \/>\n debugMode:false,<br \/>\n fallbacks: {<br \/>\n simplifyAll:&#8221;off&#8221;,<br \/>\n nextSlideOnWindowFocus:&#8221;off&#8221;,<br \/>\n disableFocusListener:false,<br \/>\n }<br \/>\n });<br \/>\n }<br \/>\n}); \/*ready*\/<br \/>\n <img loading=\"lazy\" decoding=\"async\" src=\"http:\/\/bucknerhonduras.org\/wp-content\/plugins\/revslider\/admin\/assets\/images\/dummy.png\" alt=\"\" title=\"silder_1\" width=\"1920\" height=\"975\" data-lazyload=\"http:\/\/bucknerhonduras.org\/wp-content\/uploads\/2018\/02\/silder_1.jpg\" data-bgposition=\"center center\" data-bgfit=\"cover\" data-bgrepeat=\"no-repeat\" data-bgparallax=\"off\" class=\"rev-slidebg\" data-no-retina><br \/>\n DONA<br \/>\n Y CAMBIA UNA VIDA INMEDIATAMENTE<br \/>\n VOLUNTARIADO<br \/>\nsetREVStartSize({c: &#8216;#rev_slider_1_2&#8217;, responsiveLevels: [1240,1024,1024,1024], gridwidth: [1400,1240,1240,1240], gridheight: [600,500,500,500], sliderLayout: &#8216;fullwidth&#8217;});<br \/>\nvar revapi1,<br \/>\n tpj;<br \/>\ndocument.addEventListener(&#8220;DOMContentLoaded&#8221;, function() {<br \/>\ntpj = jQuery; if(tpj(&#8220;#rev_slider_1_2&#8221;).revolution == undefined){<br \/>\n revslider_showDoubleJqueryError(&#8220;#rev_slider_1_2&#8221;);<br \/>\n }else{<br \/>\n revapi1 = tpj(&#8220;#rev_slider_1_2&#8243;).show().revolution({<br \/>\n sliderType:&#8221;hero&#8221;,<br \/>\n jsFileLocation:&#8221;\/\/bucknerhonduras.org\/wp-content\/plugins\/revslider\/public\/assets\/js\/&#8221;,<br \/>\n sliderLayout:&#8221;fullwidth&#8221;,<br \/>\n dottedOverlay:&#8221;none&#8221;,<br \/>\n delay:9000,<br \/>\n responsiveLevels:[1240,1024,1024,1024],<br \/>\n visibilityLevels:[1240,1024,1024,1024],<br \/>\n gridwidth:[1400,1240,1240,1240],<br \/>\n gridheight:[600,500,500,500],<br \/>\n lazyType:&#8221;smart&#8221;,<br \/>\n parallax: {<br \/>\n type:&#8221;mouse&#8221;,<br \/>\n origo:&#8221;slidercenter&#8221;,<br \/>\n speed:2000,<br \/>\n speedbg:0,<br \/>\n speedls:0,<br \/>\n levels:[2,3,4,5,6,7,12,16,10,50,47,48,49,50,51,55],<br \/>\n },<br \/>\n shadow:1,<br \/>\n spinner:&#8221;off&#8221;,<br \/>\n autoHeight:&#8221;off&#8221;,<br \/>\n disableProgressBar:&#8221;on&#8221;,<br \/>\n hideThumbsOnMobile:&#8221;on&#8221;,<br \/>\n hideSliderAtLimit:0,<br \/>\n hideCaptionAtLimit:0,<br \/>\n hideAllCaptionAtLilmit:0,<br \/>\n debugMode:false,<br \/>\n fallbacks: {<br \/>\n simplifyAll:&#8221;off&#8221;,<br \/>\n disableFocusListener:false,<br \/>\n }<br \/>\n });<br \/>\n }<br \/>\n}); \/*ready*\/<\/p>\n<h2 class=\"fw-special-title\">QUI\u00c9NES SOMOS<\/h2>\n<p style=\"text-align: center;\">Buckner Guatemala es el brazo operativo de Buckner Internacional en Guatemala. Buckner Internacional es un ministerio global dedicado a la transformaci\u00f3n y restauraci\u00f3n de las vidas a las que servimos. Somos una organizaci\u00f3n no lucrativa que comparte un ministerio redentor con los m\u00e1s vulnerables desde el inicio hasta el final de sus vidas.<\/p>\n<p style=\"text-align: center;\">\u201cCreer en Dios el Padre es agradarlo y hacer el bien, ayudar a las viudas y a los hu\u00e9rfanos cuando sufren, y no dejarse vencer por la maldad del mundo\u201d.Santiago 1:27<\/p>\n<p> <a href=\"http:\/\/bucknerhonduras.org\/index.php\/nosotros\/quienes-somos\/\" target=\"_self\" class=\"fw-btn tf-sh-9de86debabd1aba21192d685f6b8b353 fw-btn-lg fw-btn-1\" style=\"\"><br \/>\n ver m\u00e1s<br \/>\n <\/a><\/p>\n<h2 class=\"fw-special-title\">NUESTROS EJES DE TRABAJO<\/h2>\n<p> <a class=\"fw-block-image-child fw-ratio-1 fw-ratio-container \" href=\"http:\/\/bucknerhonduras.org\/index.php\/centros-de-esperanza-familiar\/\" ><br \/>\n <img decoding=\"async\" src=\"http:\/\/bucknerhonduras.org\/wp-content\/uploads\/2018\/03\/familia-cef-vector.png\" alt=\"familia-cef-vector\" data-maxdpr=\"1.7\" width=\"350\" class=\"lazyload\" \/> <\/a><\/p>\n<h4 style=\"text-align: center;\"><a style=\"color: #3366ff;\" href=\"http:\/\/bucknerhonduras.org\/index.php\/centros-de-esperanza-familiar\/\">CENTROS DE ESPERANZA FAMILIAR<\/a><\/h4>\n<p> <a class=\"fw-block-image-child fw-ratio-1 fw-ratio-container \" href=\"http:\/\/bucknerhonduras.org\/index.php\/centros-de-esperanza-familiar\/\" ><br \/>\n <img decoding=\"async\" src=\"http:\/\/bucknerhonduras.org\/wp-content\/uploads\/2018\/03\/aft-vector.png\" alt=\"aft-vector\" data-maxdpr=\"1.7\" width=\"350\" class=\"lazyload\" \/> <\/a><\/p>\n<h4 style=\"text-align: center;\"><a style=\"color: #3366ff;\" href=\"http:\/\/bucknerhonduras.org\/index.php\/centros-de-esperanza-familiar\/\">ACOGIMIENTO FAMILIAR TEMPORAL<\/a><\/h4>\n<h2 class=\"fw-special-title\">BUCKNER GUATEMALA TRABAJA<\/h2>\n<p> <img decoding=\"async\" src=\"\/\/bucknerhonduras.org\/wp-content\/uploads\/2018\/02\/icon-voluntarios.png\" alt=\"\" \/> <\/p>\n<h4 class=\"fw-icon-title-text\">\n Voluntarios <\/h4>\n<p> <img decoding=\"async\" src=\"\/\/bucknerhonduras.org\/wp-content\/uploads\/2018\/02\/icon-organizaciones.png\" alt=\"\" \/> <\/p>\n<h4 class=\"fw-icon-title-text\">\n Organizaciones <\/h4>\n<p> <img decoding=\"async\" src=\"\/\/bucknerhonduras.org\/wp-content\/uploads\/2018\/02\/icon-empresarial.png\" alt=\"\" \/> <\/p>\n<h4 class=\"fw-icon-title-text\">\n Sector Empresarial <\/h4>\n<p> <img decoding=\"async\" src=\"\/\/bucknerhonduras.org\/wp-content\/uploads\/2018\/02\/icon-instituciones.png\" alt=\"\" \/> <\/p>\n<h4 class=\"fw-icon-title-text\">\n Instituciones Educativas <\/h4>\n<p> <img decoding=\"async\" src=\"\/\/bucknerhonduras.org\/wp-content\/uploads\/2018\/02\/icon-iglesia.png\" alt=\"\" \/> <\/p>\n<h4 class=\"fw-icon-title-text\">\n Iglesias <\/h4>\n<h2 class=\"fw-special-title\">NOTICIAS<\/h2>\n<p> <a href=\"http:\/\/bucknerhonduras.org\/index.php\/2018\/03\/16\/inauguracion-centro-de-esperanza\/\" class=\"post-thumbnail fw-block-image-child fw-ratio-16-9 fw-ratio-container\"><br \/>\n <img decoding=\"async\" src=\"http:\/\/bucknerhonduras.org\/wp-content\/uploads\/2018\/03\/inaugura_cef_7.jpg\" alt=\"inaugura_cef_7\" data-maxdpr=\"1.7\" class=\"attachment-post-thumbnail lazyload\" \/><br \/>\n <\/a><\/p>\n<h4 class=\"entry-title\" itemprop=\"headline\">\n <a href=\"http:\/\/bucknerhonduras.org\/index.php\/2018\/03\/16\/inauguracion-centro-de-esperanza\/\">Inauguraci\u00f3n Centro de Esperanza<\/a><br \/>\n <\/h4>\n<p>Se inaugur\u00f3 un nuevo Centro de Esperanza Familiar &nbsp;<\/p>\n<p> <a href=\"http:\/\/bucknerhonduras.org\/index.php\/2018\/03\/16\/inauguracion-centro-de-esperanza\/\" class=\"fw-btn-post-read-more-blog fw-btn fw-btn-md fw-btn-1\" style=\"\"><br \/>\n Leer noticia completa<br \/>\n <\/a><br \/>\n <a href=\"http:\/\/bucknerhonduras.org\/index.php\/2018\/02\/04\/si-te-gustan-los-voluntariados-unete-al-movimiento-guatexguate\/\" class=\"post-thumbnail fw-block-image-child fw-ratio-16-9 fw-ratio-container\"><br \/>\n <img decoding=\"async\" src=\"http:\/\/bucknerhonduras.org\/wp-content\/uploads\/2018\/02\/volutarios_2017.jpg\" alt=\"volutarios_2017\" data-maxdpr=\"1.7\" class=\"attachment-post-thumbnail lazyload\" \/><br \/>\n <\/a><\/p>\n<h4 class=\"entry-title\" itemprop=\"headline\">\n <a href=\"http:\/\/bucknerhonduras.org\/index.php\/2018\/02\/04\/si-te-gustan-los-voluntariados-unete-al-movimiento-guatexguate\/\">SI TE GUSTAN LOS VOLUNTARIADOS, \u00daNETE AL MOVIMIENTO #GUATEXGUATE<\/a><br \/>\n <\/h4>\n<p> <a href=\"http:\/\/bucknerhonduras.org\/index.php\/2018\/02\/04\/si-te-gustan-los-voluntariados-unete-al-movimiento-guatexguate\/\" class=\"fw-btn-post-read-more-blog fw-btn fw-btn-md fw-btn-1\" style=\"\"><br \/>\n Leer noticia completa<br \/>\n <\/a><br \/>\n <a href=\"http:\/\/bucknerhonduras.org\/index.php\/2018\/02\/04\/guatexguate-la-campana-que-nos-ensena-a-ayudar-al-projimo\/\" class=\"post-thumbnail fw-block-image-child fw-ratio-16-9 fw-ratio-container\"><br \/>\n <img decoding=\"async\" src=\"http:\/\/bucknerhonduras.org\/wp-content\/uploads\/2018\/02\/guatexguate_2017.jpg\" alt=\"guatexguate_2017\" data-maxdpr=\"1.7\" class=\"attachment-post-thumbnail lazyload\" \/><br \/>\n <\/a><\/p>\n<h4 class=\"entry-title\" itemprop=\"headline\">\n <a href=\"http:\/\/bucknerhonduras.org\/index.php\/2018\/02\/04\/guatexguate-la-campana-que-nos-ensena-a-ayudar-al-projimo\/\">#GUATEXGUATE LA CAMPA\u00d1A QUE NOS ENSE\u00d1A A AYUDAR AL PR\u00d3JIMO<\/a><br \/>\n <\/h4>\n<p>Buckner Guatemala present\u00f3 hoy #GuateXGuate, con el cual busca generar un movimiento nacional en el que todos los guatemaltecos colaboremos y demos la talla, generando cambios positivos en el pa\u00eds, apoyando a nuestros semejantes, en especial los m\u00e1s vulnerables, a trav\u00e9s de la campa\u00f1a #YoDoyLaTalla. Para ser parte del movimiento #GuateXGuate, Buckner Guatemala entregar\u00e1 como [&hellip;]<\/p>\n<p> <a href=\"http:\/\/bucknerhonduras.org\/index.php\/2018\/02\/04\/guatexguate-la-campana-que-nos-ensena-a-ayudar-al-projimo\/\" class=\"fw-btn-post-read-more-blog fw-btn fw-btn-md fw-btn-1\" style=\"\"><br \/>\n Leer noticia completa<br \/>\n <\/a><\/p>\n<p><!-- 0577424747e992db5c999e648bd001bf --><\/p>\n","protected":false},"excerpt":{"rendered":"<p>setREVStartSize({c: &#8216;#rev_slider_17_1&#8217;, gridwidth: [1240], gridheight: [868], sliderLayout: &#8216;auto&#8217;}); var revapi17, tpj; document.addEventListener(&#8220;DOMContentLoaded&#8221;, function() { tpj = jQuery; if(tpj(&#8220;#rev_slider_17_1&#8221;).revolution == undefined){ revslider_showDoubleJqueryError(&#8220;#rev_slider_17_1&#8221;); }else{ revapi17 = tpj(&#8220;#rev_slider_17_1&#8243;).show().revolution({ sliderType:&#8221;standard&#8221;, jsFileLocation:&#8221;\/\/bucknerhonduras.org\/wp-content\/plugins\/revslider\/public\/assets\/js\/&#8221;, sliderLayout:&#8221;auto&#8221;, dottedOverlay:&#8221;none&#8221;, delay:9000, navigation: { onHoverStop:&#8221;off&#8221;, }, visibilityLevels:[1240,1024,778,480], gridwidth:1240, gridheight:868, lazyType:&#8221;none&#8221;, shadow:0, spinner:&#8221;spinner0&#8243;, stopLoop:&#8221;off&#8221;, stopAfterLoops:-1, stopAtSlide:-1, shuffle:&#8221;off&#8221;, autoHeight:&#8221;off&#8221;, disableProgressBar:&#8221;on&#8221;, hideThumbsOnMobile:&#8221;off&#8221;, hideSliderAtLimit:0, hideCaptionAtLimit:0, hideAllCaptionAtLilmit:0, debugMode:false, fallbacks: { simplifyAll:&#8221;off&#8221;, nextSlideOnWindowFocus:&#8221;off&#8221;, &hellip; <a href=\"https:\/\/bucknerhonduras.org\/\" class=\"more-link\">Continue reading<span class=\"screen-reader-text\"> &#8220;Inicio&#8221;<\/span><\/a><\/p>\n","protected":false},"author":1,"featured_media":0,"parent":0,"menu_order":0,"comment_status":"closed","ping_status":"closed","template":"visual-builder-template.php","meta":{"footnotes":""},"class_list":["post-27","page","type-page","status-publish","hentry"],"_links":{"self":[{"href":"https:\/\/bucknerhonduras.org\/index.php\/wp-json\/wp\/v2\/pages\/27","targetHints":{"allow":["GET"]}}],"collection":[{"href":"https:\/\/bucknerhonduras.org\/index.php\/wp-json\/wp\/v2\/pages"}],"about":[{"href":"https:\/\/bucknerhonduras.org\/index.php\/wp-json\/wp\/v2\/types\/page"}],"author":[{"embeddable":true,"href":"https:\/\/bucknerhonduras.org\/index.php\/wp-json\/wp\/v2\/users\/1"}],"replies":[{"embeddable":true,"href":"https:\/\/bucknerhonduras.org\/index.php\/wp-json\/wp\/v2\/comments?post=27"}],"version-history":[{"count":157,"href":"https:\/\/bucknerhonduras.org\/index.php\/wp-json\/wp\/v2\/pages\/27\/revisions"}],"predecessor-version":[{"id":433,"href":"https:\/\/bucknerhonduras.org\/index.php\/wp-json\/wp\/v2\/pages\/27\/revisions\/433"}],"wp:attachment":[{"href":"https:\/\/bucknerhonduras.org\/index.php\/wp-json\/wp\/v2\/media?parent=27"}],"curies":[{"name":"wp","href":"https:\/\/api.w.org\/{rel}","templated":true}]}}